{"id":21,"date":"2017-03-16T19:57:09","date_gmt":"2017-03-16T19:57:09","guid":{"rendered":"http:\/\/dr-barbara-kunz.de\/?page_id=21"},"modified":"2026-08-26T12:26:04","modified_gmt":"2026-08-26T12:26:04","slug":"hausarztpraxis-dr-barbara-kunz","status":"publish","type":"page","link":"https:\/\/dr-barbara-kunz.de\/","title":{"rendered":"Hausarztpraxis Dr. Barbara Kunz"},"content":{"rendered":"<h2>Herzlich Willkommen!<\/h2>\n<div class=\"small-center small-clear\"><img loading=\"lazy\" decoding=\"async\" class=\"alignright size-medium wp-image-200 alignright small-center\" src=\"http:\/\/dr-barbara-kunz.de\/wp-content\/uploads\/2017\/10\/_MG_7274-300x300.png\" alt=\"\" width=\"300\" height=\"300\"><\/div>\n<p class=\"\">Ich biete Ihnen eine umfassende haus\u00e4rztliche und internistische Versorgung auch in Verbindung mit Naturheilverfahren und Akupunktur.<\/p>\n<p class=\"\">Mein Anliegen ist es, Ihnen in allen gesundheitlichen Fragen als zuverl\u00e4ssiger und kompetenter Ansprechpartner zur Verf\u00fcgung zu stehen.<\/p>\n<p class=\"\">Um l\u00e4ngere Wartezeiten zu vermeiden, bitte ich um telefonische Terminvereinbarung.<\/p>\n<p class=\"\">Ich freue mich auf Ihren Besuch.<\/p>\n<p class=\"\" style=\"height: 30px\">\n<p class=\"\">Ihre Dr. Barbara Kunz<\/p>\n<style>\n.nobreak{word-wrap: initial;min-width: 100px;-moz-hyphens: auto;-o-hyphens: auto;-webkit-hyphens: auto;-ms-hyphens: auto;hyphens: auto;} @media (max-width: 600px) { .small-clear{clear:both;} .small-left{float: left !important;} .small-center{display:flex;margin:0 auto;}}<\/style>\n\n\n<div style=\"height:40px\" aria-hidden=\"true\" class=\"wp-block-spacer\"><\/div>\n\n\n\n<h3 class=\"wp-block-heading has-custom-css wp-custom-css-812095d5\"><br>Sprechstunden<\/h3>\n\n\n\n<table class=\"has-fixed-layout\" style=\"max-width:500px\"><tbody><tr><td>Montag<\/td><td>08:00 bis 12:00 Uhr und<br>15:00 bis 18:00 Uhr<\/td><\/tr><tr><td>Dienstag<\/td><td>08:00 bis 12:00 Uhr<\/td><\/tr><tr><td>Mittwoch<\/td><td>09:00 bis 12:00 Uhr<\/td><\/tr><tr><td>Donnerstag<\/td><td>08:00 bis 12:00 Uhr und<br>15:00 bis 18:00 Uhr<\/td><\/tr><tr><td>Freitag<\/td><td>08:00 bis 12:00 Uhr<\/td><\/tr><\/tbody><\/table>\n\n\n\n<div style=\"height:40px\" aria-hidden=\"true\" class=\"wp-block-spacer\"><\/div>\n\n\n\n<h3 class=\"wp-block-heading has-custom-css wp-custom-css-d7961989\" style=\"margin-top:0;margin-bottom:0\">Aktuelles<\/h3>\n\n\n\n<p class=\"wp-block-paragraph\">Wir sind vom 14.09 &#8211; 29.09.2026 im Urlaub.<br>Die Vertretung \u00fcbernimmt Herr Dr. Markus Kroth:<br>Niebelungenstr. 10, Tel. 089 162783.<\/p>\n\n\n\n<div style=\"height:40px\" aria-hidden=\"true\" class=\"wp-block-spacer\"><\/div>\n\n\n\n<h3 class=\"wp-block-heading has-custom-css wp-custom-css-8282583a\" style=\"padding-top:0;padding-right:0;padding-bottom:0;padding-left:0\">Adresse und Anfahrt<\/h3>\n\n\n\n<p class=\"wp-block-paragraph\" style=\"padding-top:0;padding-bottom:0\"><br>Agnes-Bernauer-Str. 81<br>80687 M\u00fcnchen<\/p>\n\n\n\n<p class=\"wp-block-paragraph\"><strong>U-Bahn<\/strong>: Linie 5 Haltestelle \u201eLaimer Platz\u201c + 10 min zu Fu\u00df<br><strong>S-Bahn<\/strong>: Haltestelle \u201eLaim\u201c+ 10 min zu Fu\u00df<br><strong>Bus<\/strong>: Linie 51, 151, 168 Haltestelle F\u00fcrstenrieder Stra\u00dfe<br><strong>Tram<\/strong>:&nbsp;Linie 19 Haltestelle F\u00fcrstenrieder Stra\u00dfe<br><\/p>\n\n\n\n<p class=\"wp-block-paragraph\"><\/p>\n","protected":false},"excerpt":{"rendered":"<p>Herzlich Willkommen! Ich biete Ihnen eine umfassende haus\u00e4rztliche und internistische Versorgung auch in Verbindung mit Naturheilverfahren und Akupunktur. Mein Anliegen ist es, Ihnen in allen gesundheitlichen Fragen als zuverl\u00e4ssiger und kompetenter Ansprechpartner zur Verf\u00fcgung zu stehen. Um l\u00e4ngere Wartezeiten zu<\/p>\n","protected":false},"author":1,"featured_media":0,"parent":0,"menu_order":0,"comment_status":"closed","ping_status":"closed","template":"","meta":{"footnotes":""},"class_list":["post-21","page","type-page","status-publish","hentry"],"_links":{"self":[{"href":"https:\/\/dr-barbara-kunz.de\/index.php?rest_route=\/wp\/v2\/pages\/21","targetHints":{"allow":["GET"]}}],"collection":[{"href":"https:\/\/dr-barbara-kunz.de\/index.php?rest_route=\/wp\/v2\/pages"}],"about":[{"href":"https:\/\/dr-barbara-kunz.de\/index.php?rest_route=\/wp\/v2\/types\/page"}],"author":[{"embeddable":true,"href":"https:\/\/dr-barbara-kunz.de\/index.php?rest_route=\/wp\/v2\/users\/1"}],"replies":[{"embeddable":true,"href":"https:\/\/dr-barbara-kunz.de\/index.php?rest_route=%2Fwp%2Fv2%2Fcomments&post=21"}],"version-history":[{"count":70,"href":"https:\/\/dr-barbara-kunz.de\/index.php?rest_route=\/wp\/v2\/pages\/21\/revisions"}],"predecessor-version":[{"id":310,"href":"https:\/\/dr-barbara-kunz.de\/index.php?rest_route=\/wp\/v2\/pages\/21\/revisions\/310"}],"wp:attachment":[{"href":"https:\/\/dr-barbara-kunz.de\/index.php?rest_route=%2Fwp%2Fv2%2Fmedia&parent=21"}],"curies":[{"name":"wp","href":"https:\/\/api.w.org\/{rel}","templated":true}]}}

<h2>Herzlich Willkommen!</h2>
<div class="small-center small-clear"><img loading="lazy" decoding="async" class="alignright size-medium wp-image-200 alignright small-center" src="http://dr-barbara-kunz.de/wp-content/uploads/2017/10/_MG_7274-300x300.png" alt="" width="300" height="300"></div>
<p class="">Ich biete Ihnen eine umfassende hausärztliche und internistische Versorgung auch in Verbindung mit Naturheilverfahren und Akupunktur.</p>
<p class="">Mein Anliegen ist es, Ihnen in allen gesundheitlichen Fragen als zuverlässiger und kompetenter Ansprechpartner zur Verfügung zu stehen.</p>
<p class="">Um längere Wartezeiten zu vermeiden, bitte ich um telefonische Terminvereinbarung.</p>
<p class="">Ich freue mich auf Ihren Besuch.</p>
<p class="" style="height: 30px">
<p class="">Ihre Dr. Barbara Kunz</p>
<style>
.nobreak{word-wrap: initial;min-width: 100px;-moz-hyphens: auto;-o-hyphens: auto;-webkit-hyphens: auto;-ms-hyphens: auto;hyphens: auto;} @media (max-width: 600px) { .small-clear{clear:both;} .small-left{float: left !important;} .small-center{display:flex;margin:0 auto;}}</style>


<div style="height:40px" aria-hidden="true" class="wp-block-spacer"></div>



<h3 class="wp-block-heading has-custom-css wp-custom-css-812095d5"><br>Sprechstunden</h3>



<table class="has-fixed-layout" style="max-width:500px"><tbody><tr><td>Montag</td><td>08:00 bis 12:00 Uhr und<br>15:00 bis 18:00 Uhr</td></tr><tr><td>Dienstag</td><td>08:00 bis 12:00 Uhr</td></tr><tr><td>Mittwoch</td><td>09:00 bis 12:00 Uhr</td></tr><tr><td>Donnerstag</td><td>08:00 bis 12:00 Uhr und<br>15:00 bis 18:00 Uhr</td></tr><tr><td>Freitag</td><td>08:00 bis 12:00 Uhr</td></tr></tbody></table>



<div style="height:40px" aria-hidden="true" class="wp-block-spacer"></div>



<h3 class="wp-block-heading has-custom-css wp-custom-css-d7961989" style="margin-top:0;margin-bottom:0">Aktuelles</h3>



<p class="wp-block-paragraph">Wir sind vom 14.09 &#8211; 29.09.2026 im Urlaub.<br>Die Vertretung übernimmt Herr Dr. Markus Kroth:<br>Niebelungenstr. 10, Tel. 089 162783.</p>



<div style="height:40px" aria-hidden="true" class="wp-block-spacer"></div>



<h3 class="wp-block-heading has-custom-css wp-custom-css-8282583a" style="padding-top:0;padding-right:0;padding-bottom:0;padding-left:0">Adresse und Anfahrt</h3>



<p class="wp-block-paragraph" style="padding-top:0;padding-bottom:0"><br>Agnes-Bernauer-Str. 81<br>80687 München</p>



<p class="wp-block-paragraph"><strong>U-Bahn</strong>: Linie 5 Haltestelle „Laimer Platz“ + 10 min zu Fuß<br><strong>S-Bahn</strong>: Haltestelle „Laim“+ 10 min zu Fuß<br><strong>Bus</strong>: Linie 51, 151, 168 Haltestelle Fürstenrieder Straße<br><strong>Tram</strong>:&nbsp;Linie 19 Haltestelle Fürstenrieder Straße<br></p>



<p class="wp-block-paragraph"></p>

<p>Herzlich Willkommen! Ich biete Ihnen eine umfassende hausärztliche und internistische Versorgung auch in Verbindung mit Naturheilverfahren und Akupunktur. Mein Anliegen ist es, Ihnen in allen gesundheitlichen Fragen als zuverlässiger und kompetenter Ansprechpartner zur Verfügung zu stehen. Um längere Wartezeiten zu</p>
